{"id":1222,"date":"2016-10-20T10:19:01","date_gmt":"2016-10-20T10:19:01","guid":{"rendered":"http:\/\/www.geoasso.net\/studio_geologico_domodossola\/?page_id=1222"},"modified":"2016-10-31T17:08:13","modified_gmt":"2016-10-31T17:08:13","slug":"lincio-gabriele","status":"publish","type":"page","link":"https:\/\/www.geoasso.net\/studio_geologico_domodossola\/lincio-gabriele\/","title":{"rendered":"Gabriele Lincio"},"content":{"rendered":"<p>PROF. ING. GABRIELE LINCIO <a href=\"http:\/\/www.linciogabriele.it\/\">www.<\/a>linciogabriele.it<\/p>\n<p>(1874-1938)<\/p>\n<p>Nato a Varzo nel 1874, indirizz\u00f2 i suoi studi alla mineralogia e alla geologia presso la Regia Universit\u00e0 di Torino e quindi in Sassonia, dove nel 1898 consegu\u00ec, presso la R. Accademia montanistica di Freiberg, il diploma di Ingegnere metallurgico (<a href=\"http:\/\/www.linciogabriele.it\/#nota_prima\">vedi nota<\/a>). Perfezionatosi presso l\u2019Istituto dell\u2019Universit\u00e0 di Monaco di Baviera, diretto da Paolo Groth, vi consegu\u00ec la nomina di libero docente in mineralogia e di Conservatore delle collezioni mineralogiche dell\u2019Accademia montanistica di Clausthal.\u00a0 Di qui si trasfer\u00ec ad Heidelberg per approfondire gli studi di cristallografia con l\u2019illustre docente Vittorio Goldshmidt, ottenendo in seguito il Dottorato presso l\u2019Universit\u00e0 di Marburg.\u00a0\u00a0 Rientrato in Italia, per un anno addetto al R. Ufficio Geologico di Roma, nel 1905 ritorn\u00f2 in Germania, quale Direttore scientifico della sezione ottico-meccanica per la costruzione di microscopi di mineralogia e di geologia, presso la Ditta Leitz di Wetzlar.\u00a0 Consegu\u00ec quindi la libera docenza in mineralogia e geologia in Italia presso l\u2019Universit\u00e0 di Torino.\u00a0\u00a0 Dal 1916 al 1920 insegn\u00f2 Mineralogia e Geologia presso l\u2019Universit\u00e0 di Cagliari passando in seguito a Modena ove dal 1921 al 1925 insegn\u00f2 Mineralogia e ne diresse l\u2019Istituto presso la Regia Universit\u00e0.\u00a0 Dal 1926 al 1934 fu docente presso la R:Universit\u00e0 di Genova ove fu Direttore dell\u2019Istituto di Mineralogia.<\/p>\n<p>Numerose pubblicazioni ne attestano l\u2019alto valore di scienziato. Fra queste si segnala in particolare quella che si riferisce alla scoperta da lui effettuata della radioattivit\u00e0 in Italia , nel pi\u00f9 importante giacimento italiano di sostanze radioattive, presso Lurisia ove trov\u00f2 l\u2019Autunite, minerale da cui venne estratto il Radio. Numerosi studi petrografici riguardano la Val d\u2019Ossola e il Piemonte, cos\u00ec come varie localit\u00e0 della Sardegna.\u00a0 Una pubblicazione riguarda le rocce della scomparsa Isola Giulia (Banco Grahm),\u00a0 trovate con gli scandagli della Regia Marina.<\/p>\n<p>La parte pi\u00f9 notevole dell\u2019opera scientifica del Prof. Ing. Gabriele Lincio comprende numerosi studi cristallografici e fisico-chimici su cristalli naturali e artificiali\u00a0 quali, per ricordarne solo alcuni, rutilo, berillo, molibdenite, dolomite ed in modo particolare quarzo, pirite e solfato di rame.<\/p>\n<p>Frutto del suo lavoro scientifico e tecnico \u00e8 il microscopio di mineralogia e petrografia della ditta Leitz che, semplicemente perfezionato in alcuni dettagli, ancor oggi molti laboratori impiegano, e che nel complesso rimane quello di cui il Prof. Lincio ide\u00f2 e diresse la costruzione.<\/p>\n<p>NOTA<\/p>\n<p><em>L&#8217;Accademia Montanistica di Freiberg, o Bergakademie, \u00e8 la pi\u00f9 antica scuola mineraria e metallurgica del mondo. La sua istituzione pu\u00f2 essere considerata come il coronamento della lunga tradizione mineraria della citt\u00e0 sassone la cui nascita \u2013 intorno al 1170- \u00e8 dovuta proprio alla presenza di ricchi giacimenti d&#8217;argento nelle pendici dei Monti Metalliferi. L&#8217;accademia non \u00e8 l&#8217;unica scuola specialistica di Freiberg che vanta infatti anche un laboratorio di studi minerari, attivo fin dagli inizi del Settecento e frequentato da studenti provenienti dalla Sassonia e anche dall&#8217;estero.<\/em><\/p>\n<p><em><br \/>\n<\/em><em>La sempre maggior importanza raggiunta dalla citt\u00e0 nel corso di quel secolo e la necessit\u00e0 di istituzionalizzare il sapere scientifico di tipo universitario e le pressanti richieste indussero il Principe Reggente di Sassonia Franz Xaver\u00a0 ad approvare, alla fine del 1765 , la fondazione della Bergakademie, deputata proprio alla preparazione di personale tecnico direttivo.<\/em><\/p>\n<p><em><br \/>\n<\/em><em>L&#8217;iniziativa stimola il sorgere di iniziative analoghe nel resto d&#8217;Europa mentre in Italia si provveder\u00e0 alla creazione di scuole tecniche specialistiche, dedicate alla formazione di tecnici di medio livello, solo dopo la met\u00e0 dell&#8217;800. Cos\u00ec i laureati italiani che intendono perfezionare i loro studi minerari ad alto livello devono emigrare.<\/em><\/p>\n<p><em>Tratto da : Itinerari di Miniera \u2013 Storia di migrazioni fra il Sulcis Iglesiente e la Germania \u2013 Mostra documentaria \u2013 a cura del Comune di Iglesias e del Ministero per le Attivit\u00e0 Culturali.<\/em><\/p>\n","protected":false},"excerpt":{"rendered":"<p>PROF. ING. GABRIELE LINCIO www.linciogabriele.it (1874-1938) Nato a Varzo nel 1874, indirizz\u00f2 i suoi studi alla mineralogia e alla geologia presso la Regia Universit\u00e0 di Torino e quindi in Sassonia, dove nel 1898 consegu\u00ec, presso la R. Accademia montanistica di&#8230;<\/p>\n","protected":false},"author":1,"featured_media":0,"parent":0,"menu_order":0,"comment_status":"closed","ping_status":"closed","template":"","meta":{"footnotes":""},"class_list":["post-1222","page","type-page","status-publish","hentry"],"yoast_head":"<!-- This site is optimized with the Yoast SEO plugin v26.3 - https:\/\/yoast.com\/wordpress\/plugins\/seo\/ -->\n<title>Gabriele Lincio - Studio Geologico Associato Bossalini &amp; Cattin<\/title>\n<meta name=\"robots\" content=\"index, follow, max-snippet:-1, max-image-preview:large, max-video-preview:-1\" \/>\n<link rel=\"canonical\" href=\"https:\/\/www.geoasso.net\/studio_geologico_domodossola\/lincio-gabriele\/\" \/>\n<meta property=\"og:locale\" content=\"it_IT\" \/>\n<meta property=\"og:type\" content=\"article\" \/>\n<meta property=\"og:title\" content=\"Gabriele Lincio - Studio Geologico Associato Bossalini &amp; Cattin\" \/>\n<meta property=\"og:description\" content=\"PROF. ING. GABRIELE LINCIO www.linciogabriele.it (1874-1938) Nato a Varzo nel 1874, indirizz\u00f2 i suoi studi alla mineralogia e alla geologia presso la Regia Universit\u00e0 di Torino e quindi in Sassonia, dove nel 1898 consegu\u00ec, presso la R. Accademia montanistica di...\" \/>\n<meta property=\"og:url\" content=\"https:\/\/www.geoasso.net\/studio_geologico_domodossola\/lincio-gabriele\/\" \/>\n<meta property=\"og:site_name\" content=\"Studio Geologico Associato Bossalini &amp; Cattin\" \/>\n<meta property=\"article:modified_time\" content=\"2016-10-31T17:08:13+00:00\" \/>\n<meta name=\"twitter:label1\" content=\"Tempo di lettura stimato\" \/>\n\t<meta name=\"twitter:data1\" content=\"3 minuti\" \/>\n<script type=\"application\/ld+json\" class=\"yoast-schema-graph\">{\"@context\":\"https:\/\/schema.org\",\"@graph\":[{\"@type\":\"WebPage\",\"@id\":\"https:\/\/www.geoasso.net\/studio_geologico_domodossola\/lincio-gabriele\/\",\"url\":\"https:\/\/www.geoasso.net\/studio_geologico_domodossola\/lincio-gabriele\/\",\"name\":\"Gabriele Lincio - Studio Geologico Associato Bossalini &amp; Cattin\",\"isPartOf\":{\"@id\":\"https:\/\/www.geoasso.net\/studio_geologico_domodossola\/#website\"},\"datePublished\":\"2016-10-20T10:19:01+00:00\",\"dateModified\":\"2016-10-31T17:08:13+00:00\",\"breadcrumb\":{\"@id\":\"https:\/\/www.geoasso.net\/studio_geologico_domodossola\/lincio-gabriele\/#breadcrumb\"},\"inLanguage\":\"it-IT\",\"potentialAction\":[{\"@type\":\"ReadAction\",\"target\":[\"https:\/\/www.geoasso.net\/studio_geologico_domodossola\/lincio-gabriele\/\"]}]},{\"@type\":\"BreadcrumbList\",\"@id\":\"https:\/\/www.geoasso.net\/studio_geologico_domodossola\/lincio-gabriele\/#breadcrumb\",\"itemListElement\":[{\"@type\":\"ListItem\",\"position\":1,\"name\":\"Home\",\"item\":\"https:\/\/www.geoasso.net\/studio_geologico_domodossola\/\"},{\"@type\":\"ListItem\",\"position\":2,\"name\":\"Gabriele Lincio\"}]},{\"@type\":\"WebSite\",\"@id\":\"https:\/\/www.geoasso.net\/studio_geologico_domodossola\/#website\",\"url\":\"https:\/\/www.geoasso.net\/studio_geologico_domodossola\/\",\"name\":\"Studio Geologico Associato Bossalini &amp; Cattin\",\"description\":\"Studio Geologico Domodossola\",\"potentialAction\":[{\"@type\":\"SearchAction\",\"target\":{\"@type\":\"EntryPoint\",\"urlTemplate\":\"https:\/\/www.geoasso.net\/studio_geologico_domodossola\/?s={search_term_string}\"},\"query-input\":{\"@type\":\"PropertyValueSpecification\",\"valueRequired\":true,\"valueName\":\"search_term_string\"}}],\"inLanguage\":\"it-IT\"}]}<\/script>\n<!-- \/ Yoast SEO plugin. -->","yoast_head_json":{"title":"Gabriele Lincio - Studio Geologico Associato Bossalini &amp; Cattin","robots":{"index":"index","follow":"follow","max-snippet":"max-snippet:-1","max-image-preview":"max-image-preview:large","max-video-preview":"max-video-preview:-1"},"canonical":"https:\/\/www.geoasso.net\/studio_geologico_domodossola\/lincio-gabriele\/","og_locale":"it_IT","og_type":"article","og_title":"Gabriele Lincio - Studio Geologico Associato Bossalini &amp; Cattin","og_description":"PROF. ING. GABRIELE LINCIO www.linciogabriele.it (1874-1938) Nato a Varzo nel 1874, indirizz\u00f2 i suoi studi alla mineralogia e alla geologia presso la Regia Universit\u00e0 di Torino e quindi in Sassonia, dove nel 1898 consegu\u00ec, presso la R. Accademia montanistica di...","og_url":"https:\/\/www.geoasso.net\/studio_geologico_domodossola\/lincio-gabriele\/","og_site_name":"Studio Geologico Associato Bossalini &amp; Cattin","article_modified_time":"2016-10-31T17:08:13+00:00","twitter_misc":{"Tempo di lettura stimato":"3 minuti"},"schema":{"@context":"https:\/\/schema.org","@graph":[{"@type":"WebPage","@id":"https:\/\/www.geoasso.net\/studio_geologico_domodossola\/lincio-gabriele\/","url":"https:\/\/www.geoasso.net\/studio_geologico_domodossola\/lincio-gabriele\/","name":"Gabriele Lincio - Studio Geologico Associato Bossalini &amp; Cattin","isPartOf":{"@id":"https:\/\/www.geoasso.net\/studio_geologico_domodossola\/#website"},"datePublished":"2016-10-20T10:19:01+00:00","dateModified":"2016-10-31T17:08:13+00:00","breadcrumb":{"@id":"https:\/\/www.geoasso.net\/studio_geologico_domodossola\/lincio-gabriele\/#breadcrumb"},"inLanguage":"it-IT","potentialAction":[{"@type":"ReadAction","target":["https:\/\/www.geoasso.net\/studio_geologico_domodossola\/lincio-gabriele\/"]}]},{"@type":"BreadcrumbList","@id":"https:\/\/www.geoasso.net\/studio_geologico_domodossola\/lincio-gabriele\/#breadcrumb","itemListElement":[{"@type":"ListItem","position":1,"name":"Home","item":"https:\/\/www.geoasso.net\/studio_geologico_domodossola\/"},{"@type":"ListItem","position":2,"name":"Gabriele Lincio"}]},{"@type":"WebSite","@id":"https:\/\/www.geoasso.net\/studio_geologico_domodossola\/#website","url":"https:\/\/www.geoasso.net\/studio_geologico_domodossola\/","name":"Studio Geologico Associato Bossalini &amp; Cattin","description":"Studio Geologico Domodossola","potentialAction":[{"@type":"SearchAction","target":{"@type":"EntryPoint","urlTemplate":"https:\/\/www.geoasso.net\/studio_geologico_domodossola\/?s={search_term_string}"},"query-input":{"@type":"PropertyValueSpecification","valueRequired":true,"valueName":"search_term_string"}}],"inLanguage":"it-IT"}]}},"_links":{"self":[{"href":"https:\/\/www.geoasso.net\/studio_geologico_domodossola\/wp-json\/wp\/v2\/pages\/1222","targetHints":{"allow":["GET"]}}],"collection":[{"href":"https:\/\/www.geoasso.net\/studio_geologico_domodossola\/wp-json\/wp\/v2\/pages"}],"about":[{"href":"https:\/\/www.geoasso.net\/studio_geologico_domodossola\/wp-json\/wp\/v2\/types\/page"}],"author":[{"embeddable":true,"href":"https:\/\/www.geoasso.net\/studio_geologico_domodossola\/wp-json\/wp\/v2\/users\/1"}],"replies":[{"embeddable":true,"href":"https:\/\/www.geoasso.net\/studio_geologico_domodossola\/wp-json\/wp\/v2\/comments?post=1222"}],"version-history":[{"count":0,"href":"https:\/\/www.geoasso.net\/studio_geologico_domodossola\/wp-json\/wp\/v2\/pages\/1222\/revisions"}],"wp:attachment":[{"href":"https:\/\/www.geoasso.net\/studio_geologico_domodossola\/wp-json\/wp\/v2\/media?parent=1222"}],"curies":[{"name":"wp","href":"https:\/\/api.w.org\/{rel}","templated":true}]}}